. Let h = l + -91. Suppose -4*q + 16 = -h. What are the prime factors of q?
13
Let h(c) = -29*c + 18. List the prime factors of h(-9).
3, 31
Let b be (-3)/5 + 1638/(-45). Let l = -17 - b. List the prime factors of l.
2, 5
List the prime factors of (-9 + 1)/(28/36 - 1).
2, 3
Suppose 10 = 6*t - t. Let h be 5/(3/2 - 1). Suppose 0*n + t*n = h. List the prime factors of n.
5
List the prime factors of 6/(-2 + 205/101).
2, 101
Let x be 0/1 + (-240)/10. Let f = -16 - x. List the prime factors of f.
2
Suppose 6*l - 3*l + 66 = 4*r, 70 = 4*r - l. List the prime factors of r.
2, 3
Let g be (-152)/(-1) + (-4 - -1). Let p = -90 + g. What are the prime factors of p?
59
Let f be (-6 + 3)*4/3. Let d = -36 - -26. Let m = f - d. What are the prime factors of m?
2, 3
Let q(a) = a**3 + 6*a**2 + 2*a + 1. Let o = 10 + -6. Suppose o*p - 2*m + 10 = 0, 3*m + 9 = -2*p - 16. What are the prime factors of q(p)?
2
Let z(k) = -9*k + k**2 - 2 + 2 + 5. Let y be z(6). Let p = y + 18. List the prime factors of p.
5
Suppose -2*l + 122 = -0*l. List the prime factors of l.
61
Let n(j) = 2*j**2 + 13*j + 27. List the prime factors of n(-14).
3, 79
Suppose -2*i + k + 27 = 0, 4*i + 3*k - k - 58 = 0. Let x = 20 - i. Suppose -3*f - x + 33 = 0. List the prime factors of f.
3
Let p(g) = g**3 + 6*g**2 - 2*g - 7. Let v be p(-6). Suppose 3*r - 9 = 0, -v*k = -r + 5*r - 42. List the prime factors of k.
2, 3
Let m be 6 - (-2 + 0)*-1. Suppose m*d = 33 + 3. What are the prime factors of d?
3
Let j be -1 - -4 - (-1 - -1). Suppose 0 = 4*c - 4*p + 24, -j*c - 3*p = -c + 22. Let t = -1 - c. What are the prime factors of t?
7
Suppose -2*m + 15 + 16 = -5*l, 0 = 5*m - 5*l - 40. Suppose -2*a - m*a = -145. Let z = -19 + a. List the prime factors of z.
2, 5
Let m = -282 + 447. List the prime factors of m.
3, 5, 11
Suppose -27 = -5*h + 23. Let n be h/(1/(-10 + 0)). List the prime factors of ((-4)/(-5))/((-8)/n).
2, 5
Let i = 1 - -1. Suppose 5*q - i*g - 2*g - 129 = 0, 2*q - 55 = 5*g. Let p = -18 + q. List the prime factors of p.
7
Suppose -7 - 3 = -2*k. Suppose -3*b - 2 = -k*v, -b - 2*v + 26 = 2*b. List the prime factors of b.
2, 3
Let d = -14 - -28. List the prime factors of d - (-2 - 0/(-3)).
2
Suppose -3*o - 12 + 105 = 0. What are the prime factors of o?
31
Suppose 0*v - 2*v - 30 = 0. Let r = v - -46. List the prime factors of r.
31
What are the prime factors of 1 - (1 + -4 - 49)?
53
Let y = 4 + -2. Let i be y/(-3*4/126). What are the prime factors of (4/((-4)/i))/1?
3, 7
Let q(s) = -15*s - 3. What are the prime factors of q(-3)?
2, 3, 7
Let o be 18/30 - 7/(-5). Let k be -2*(-1 + (-8 - 2)). Suppose -k = -5*y - o*n, 3*y = -5*n + 1 - 3. List the prime factors of y.
2, 3
What are the prime factors of (31 - 2)/(3*1/3)?
29
Let j(a) = 105*a - 45. List the prime factors of j(3).
2, 3, 5
Suppose 11 = -4*w + 5*w. What are the prime factors of w?
11
Let m = -6 - -42. List the prime factors of m.
2, 3
Let h = -110 + 186. What are the prime factors of h?
2, 19
Suppose -2*o - 9 = -33. Suppose 5*i - 27 = -o. What are the prime factors of i?
3
Let s(z) = -z**3 - 6*z**2 - 4*z. List the prime factors of s(-8).
2, 5
List the prime factors of 20/(2/8 - 0).
2, 5
Suppose w = -2*b + 301, -3*w + 5*b = w - 1165. What are the prime factors of w?
5, 59
Let q(c) = -7*c**2 + c. Let b(m) = -4*m**2 + 10. Let i(n) = -1. Let k(f) = -b(f) - 10*i(f). Let u(o) = -5*k(o) - 3*q(o). What are the prime factors of u(5)?
2, 5
List the prime factors of 0 + 3 - -2*9.
3, 7
Suppose -2 = 4*x - 14. Let o be 8 - x/(-2)*-2. Suppose -2*i - 10 = 0, -m - m + 5 = o*i. What are the prime factors of m?
3, 5
Let p(l) = 4*l - 3 + 0 + 4. What are the prime factors of p(3)?
13
Suppose b + 17 = 5*s - 10, 0 = -2*s - 5*b + 27. Let j be ((-8)/(-5))/(s/15). Suppose -5*w + 13 = -j*w. List the prime factors of w.
13
What are the prime factors of 18/(-4)*(1 + (-268)/12)?
2, 3
Suppose -2*y = 2*y. Suppose -4*r + y = 4*v - 8, 0 = -5*r + 2*v + 45. List the prime factors of r.
7
Let j(z) = -z**2 + 2*z + 1. Let i(v) = 4*v**3 - 2*v**2 + 2*v - 1. Let k be i(1). Let w be j(k). List the prime factors of (12/(-15))/(w/45).
2, 3
Suppose -3*q + 6 = -0*q. Suppose -q*l = 3*l - 45. List the prime factors of l.
3
Suppose -5 = -i - 3. Suppose 4*h - 10 = i. Suppose h*c = 3*o - 6, 2*c = 6*o - 2*o - 18. List the prime factors of o.
7
Let w be 33/9 - 2/(-6). Suppose 3*x = w*k + 20, -2 - 18 = 4*x + 4*k. Suppose -v - 1 = x, -v = -3*y - 4*v + 6. List the prime factors of y.
3
Let z = -68 - -38. Let j be (z/20)/((-1)/2). Suppose 15 = 2*t - j. What are the prime factors of t?
3
Let z(q) = 5*q - 1. Let u be z(1). Suppose -u*o + 45 = o. List the prime factors of o.
3
Suppose -2*z = -38 + 6. Let q be z/(-12)*3/2. List the prime factors of (-116)/(-6) + q/(-3).
2, 5
Let n = 1 + 4. Suppose -9 - 11 = -n*r. What are the prime factors of r?
2
Suppose -13*z + 18*z - 1150 = 0. What are the prime factors of z?
2, 5, 23
Let l(z) = z + 18. Let m be l(-13). Suppose 0*j - 2*j + b = -7, m*j = -b + 7. List the prime factors of j.
2
Let o(k) = 2*k**2 + 19*k + 25. List the prime factors of o(-12).
5, 17
What are the prime factors of (-104)/(-10)*(15/6)/1?
2, 13
Let u = -12 + 32. Suppose -2*d + s - 11 = -4*d, -u = -5*d - s. Suppose -4*h + 4 = -d*h. List the prime factors of h.
2
Let n(p) = p - 3. Let a(k) = k - 4. Let d(c) = -6*a(c) + 7*n(c). Let u be 2/(-8) + 1/4. List the prime factors of d(u).
3
Let d = 68 - 42. What are the prime factors of d?
2, 13
Let t(x) = -x - 1. Let z be t(-5). Suppose -4*p + s + 44 = p, 0 = z*p + s - 37. Let l = 13 - p. List the prime factors of l.
2
Let y(c) = 5*c**3 - c**2 - 10*c + 11. Let l(f) = 2*f**2 - 3*f**2 + f**3 + 5*f - 5*f - f + 1. Let j(w) = 4*l(w) - y(w). List the prime factors of j(-5).
13
Let k = 58 - 37. List the prime factors of (-6)/(-2)*329/k.
47
Let d = -2 + 4. Suppose -d*x = -5*x - 21. Let u = x - -11. List the prime factors of u.
2
Suppose -b = 3*c - 265, -3*b - b + 16 = 0. List the prime factors of c.
3, 29
Let r = -204 - -327. List the prime factors of r.
3, 41
Let h(c) = 3*c - 13. Let q be h(11). Let f = q + -4. List the prime factors of f.
2
Let f(m) = -12*m**3 + 1. Let b be f(-1). Let k = 14 + b. List the prime factors of k.
3
Suppose -2*j + 15 = m + 3*j, 2*m - 3 = -j. Suppose 4*w + 4*x - 36 = 0, -4*w - 5*x + 26 + 15 = 0. Suppose m*y = -w*y + 24. What are the prime factors of y?
2, 3
List the prime factors of 474/(-1 - (3 - 6)).
3, 79
Suppose -2*r - 32 - 46 = 0. Let i = -16 - r. Let a = 34 - i. What are the prime factors of a?
11
Let r(j) = j**3 + 4*j**2 + 2. What are the prime factors of r(3)?
5, 13
Let m be (-2 + 4/(-10))*5. Suppose -2*p - 2*p + 80 = 0. Let d = m + p. List the prime factors of d.
2
Let a(u) = u**2 - 8*u - 6. Let i(f) = -f**2 - 6*f - 2. Let j be i(-5). Suppose -2*l + 15 = -j. List the prime factors of a(l).
3
Suppose 0 = 5*l - 5*v + 60, -3*l = -2*l + 2*v + 6. Let n = l - -19. List the prime factors of n.
3
Let x(r) = -4*r**3 + r**2 + r - 2. Let q be x(-2). Suppose 0 = 3*p - 4*p + q. What are the prime factors of p?
2
Let f = -11 + 22. Suppose -3*t + 2*j + f = 0, 6 = 2*t + 3*j - 5*j. List the prime factors of t.
5
Suppose -2*t - 10 = 3*g, g = -0*t + 3*t + 4. Let o = 62 + t. Suppose 2*i - o = -2*i. List the prime factors of i.
3, 5
Let v = -22 - -24. Suppose -4*n = c - 31, 4*c - 1 = -v*n - 3. What are the prime factors of n?
3
Suppose -3*k + 418 = 2*v - 0*v, 4*v = 20. What are the prime factors of k?
2, 17
Suppose 9 = 4*o - 3*o. What are the prime factors of o?
3
Let j(a) = -a - 15. Let r be j(0). Let t = -3 - r. List the prime factors of t.
2, 3
Suppose 42 = 2*i - 5*b, 2*i - 30 = 4*b + 8. List the prime factors of i.
11
Let m(g) = g**3 - 6*g**2 - 9*g + 1. Let p be m(7). Let n = 30 + p. List the prime factors of n.
17
Suppose -4*v = -3*n + 9, -4*n + 5*v - 3 + 15 = 0. Suppose -5*s + 32 = -c, -3*c - c + 33 = n*s. List the prime factors of s.
7
Let j be 58/(-5) + (-10)/25. What are the prime factors of 3/j - (-29)/4?
7
Let a(r) = -r**2 - 13*r + 3. Let q be a(-13). Let w = 5 - q. List the prime factors of w.
2
Suppose -7*q + 52 + 291 = 0. List the prime factors of q.
7
List the prime factors of (1 - -1)*(-4)/8*-229.
229
Let g(a) = -a + 4. Let o be g(-3). Let f(b) = 6*b**2 - b**3 + b - 5*b + b - o. What are the prime factors of f(5)?
3
Let g = 113 +